 59*i + 225. What is the thousands digit of w(-5)?
8
Let r = -26 - -42. Let p be 27/4*r/6. Let s = 9 + p. What is the tens digit of s?
2
Suppose -7*p = -368 - 612. Let a(c) = -27*c + 8. Let j be a(-10). Let u = j - p. What is the tens digit of u?
3
Let k be 3 - (26 - (-8 - -4)). Let v = k + 30. What is the units digit of (-1)/(-2)*v*6?
9
What is the thousands digit of (-75222)/(-10) + 0/(-21) + (-12)/(-15)?
7
Suppose -h = -1354 + 171. Suppose 0 = 9*u - 1103 - h. Suppose 7*a - 3*a + k = 520, 0 = -2*a - 2*k + u. What is the tens digit of a?
3
Suppose -4*r + 5185 = -4*j - 14683, 0 = -2*r - 5*j + 9906. What is the thousands digit of r?
4
Suppose -x + n + 9773 = -4*n, 5*x - 5*n = 48805. What is the thousands digit of x?
9
Let q be 1 + -47 + 0 + -4. What is the hundreds digit of 742/4 + (-25)/q?
1
Let r be (12/(-4))/3*(-2 + -52). Let i = 54 - r. Suppose 7*w - 14*w + 581 = i. What is the tens digit of w?
8
Let w(a) be the second derivative of a**5/12 - a**4/12 - a**3/6 + 15*a**2/2 + 23*a. Let n(m) be the first derivative of w(m). What is the units digit of n(-1)?
6
Suppose 0 = -0*f + 4*f + 172. Let k(t) = -5*t + 45. Let w be k(10). Let n = w - f. What is the units digit of n?
8
Let k = 289 + -215. What is the tens digit of k - (5 + -3 - -1)?
7
Let h be (1/(-1))/(0 - (-1)/(-4)). Let z(u) = -3*u**2 + 4*u + 5. Let n be z(h). What is the tens digit of (-4)/6 + (-1341)/n?
4
Let j = -76 + 298. Suppose -216 = -3*k - 5*n, -j = -3*k - 2*n - n. Suppose -2*t + k = d, 3*d = 3*t + d - 105. What is the tens digit of t?
3
Suppose -j + y = -4*j + 14, 4*j = 4*y + 40. What is the tens digit of -42*(-5)/(-5)*(-123)/j?
6
Let j be 907 + 0 + 6/(-1). Suppose -19*r - k - j = -20*r, 911 = r + k. What is the tens digit of r?
0
Let n = 0 - -6. Suppose 40*f - 42*f = n. What is the units digit of f*4/(-12) + 73?
4
Suppose 41856 = 43*u - 33782 + 16685. What is the units digit of u?
1
Suppose -88*x + 86*x = -6. Suppose 29 = -4*b + x*h + 2461, 5*b - 3*h - 3037 = 0. What is the tens digit of b?
0
Let k(z) = 16*z**3 + z**2 + 11*z + 26. Let c be k(-2). What is the tens digit of c/(-1 + -2) + -2?
3
Suppose -3*i + 9*g - 14*g = -30893, -3*g = -5*i + 51511. What is the thousands digit of i?
0
Let l(g) = -g**2 - 2*g - 27. Let v be l(9). Let y = 414 + v. What is the hundreds digit of y?
2
What is the tens digit of (2 + 17/(-4))/((-192)/356352)?
7
Suppose -1183 = -7*v + 63. Suppose -210 = -180*b + v*b. What is the units digit of b?
5
Suppose -5*s + 310 = -2*o, 2*o = -4*s + 6*o + 260. Let w be (s/50)/(1 - 47/50). Let q = w - 13. What is the units digit of q?
7
Let c = 12320 + -11885. What is the tens digit of c?
3
Let q(t) = 3152*t**2 + 494*t - 1495. What is the thousands digit of q(3)?
8
Suppose -r = 2*c + c - 11, 10 = 2*r. Suppose -4*p + 16 = -c*k, 2*p + 8*k + 16 = 3*k. Suppose 20 = 5*v + 4*m - p, -v + 14 = 4*m. What is the units digit of v?
2
Suppose 4*q - 32 = -0*q. Suppose 10*h - 9*h + q = 0. Let u(m) = -4*m - 1. What is the units digit of u(h)?
1
Suppose -75*d = -d + 228963 - 2063127. What is the thousands digit of d?
4
What is the units digit of (-41024)/(-7) + (-590)/(-413)?
2
Let x = -5 - 11. Let n = 16 - x. What is the tens digit of n?
3
Let g(b) = -995*b**3 - 4*b**2 - 2*b + 1. Suppose 8 = -4*p + 3*d + 1, 1 = p + 2*d. What is the hundreds digit of g(p)?
9
Suppose 54*q - 57*q = -9. What is the units digit of -3 - (0 + -1) - (q + -386)?
1
Let d(a) = 0 + 6 + 3 - 17*a. Let g = 38 - 43. What is the units digit of d(g)?
4
Let g = -23 + 30. Let a(p) = 37*p + 4. Let o(t) = 56*t + 6. Let n(d) = g*a(d) - 5*o(d). What is the units digit of n(-6)?
4
Suppose 3*o - 28290 = -3*b, 4*o - 9433 = -14*b + 13*b. What is the tens digit of b?
2
Suppose 2*f + 10 = 2*k, -f + k = f + 9. Let y be f + 0 + 8 - (-667 + 3). Suppose -10*i + 1312 = -y. What is the hundreds digit of i?
1
Let l(g) = 6*g + 22. Let v(n) = n - 10. Let k be v(6). Let f be l(k). Let m(r) = -15*r**3 + 3*r**2 + 2*r - 5. What is the tens digit of m(f)?
2
Let c = 530 + -527. Suppose 27 = 4*k - 5*o, 9*k + c*o = 8*k + 28. What is the units digit of k?
3
Suppose 2*a = -2*g, -4*a - 3*g = 2 - 1. Let h(x) = -477*x - 5. What is the units digit of h(a)?
2
Suppose -94 = -6*i + 7*i. Let o = i + 96. Suppose -82 + 394 = o*q. What is the hundreds digit of q?
1
Suppose -7*q + 4*q + 199916 = 5*r, -4*r - 3*q = -159928. What is the hundreds digit of r?
9
Suppose 174338 = 33*u - 216019. What is the thousands digit of u?
1
Suppose v + 15354 = 3*o + 4*v, 5*o - 5*v = 25640. What is the units digit of o?
3
Suppose 39 + 56 = 5*y. Let z = -7 + y. Suppose -l + z = l. What is the units digit of l?
6
Let w = -80 - -82. Suppose 3*n = -w*o + 380, -5*n - o = -2*o - 642. What is the units digit of n?
8
Suppose 28*q = 32*q, 3*c = -2*q - 21. Let k(t) = t**3 - 2*t**2 + t + 23. Let g(m) = m**2 + m + 1. Let b(l) = -4*g(l) - k(l). What is the units digit of b(c)?
3
Let s(j) be the first derivative of 3*j**2/2 - 14*j + 2. Let g = 500 + -487. What is the units digit of s(g)?
5
Let c = -436 + 440. What is the hundreds digit of ((-2634)/c)/(18/(-12))?
4
Suppose 0 = 69*k - 54*k - 217785. What is the ten thousands digit of k?
1
Let l be ((-2)/(-3))/(4/342). Suppose 106 = 5*w - 439. Let x = w - l. What is the tens digit of x?
5
Let c(i) = -4*i - 44. Let f be c(-12). Let y(m) = -m + f*m + 6*m + 34 + 2*m + m**2. What is the units digit of y(-12)?
6
Let t(m) = 4*m + 51. Let w be t(18). Suppose -1584 = 114*o - w*o. What is the units digit of o?
6
Suppose 4*x - 4 = -0. Let t(f) = -f**2 - f + 9. Let m(u) = -u**2 - u + 1. Let s(w) = x*t(w) - 3*m(w). What is the units digit of s(-6)?
6
Suppose -5*c - 263*i + 266*i + 47806 = 0, 28678 = 3*c - i. What is the thousands digit of c?
9
Let o(b) = 81*b**3 - 5*b**2 + 4*b + 11. What is the hundreds digit of o(6)?
3
What is the units digit of (-2)/(-3)*145524/8 + (-14)/(-2)?
4
Suppose 3*j + 48 = 60. Suppose 21 = -5*x + 11, j*y = -3*x + 2330. What is the tens digit of y?
8
Suppose -4*f = 4*a - 40, 5*a - 4 = 4*f + 1. Suppose 0 = -4*h + 4*z + 436, -2*h = -f*z + 19 - 240. What is the units digit of h?
8
Let n(v) = 7*v**2 + 12*v + 20. Let p be n(-2). Suppose p*y - 21160 = 8144. What is the hundreds digit of y?
2
Let l(t) = 137*t**2 + 5*t + 4. What is the units digit of l(7)?
2
Let y be 6 - 3*-252 - 4. Suppose y = j + 3*o, -4*o = -5*j - 9*o + 3780. What is the tens digit of j?
5
Let q(b) = -43*b + 15 + 15 + 15. What is the tens digit of q(-7)?
4
Let i(q) = -53*q**3 + 8*q**2 + 68*q + 688. What is the units digit of i(-10)?
8
Let j = 539 - -1104. Let f = j + -481. Suppose 3*h - 10*h + f = 0. What is the hundreds digit of h?
1
Let k(c) = 5*c**3 + c + 38. Let m(x) = 11*x**3 - x**2 + x + 75. Let r(p) = -9*k(p) + 4*m(p). What is the thousands digit of r(-12)?
1
Let s be (33/(-6))/(6/(-3924)). Suppose 14*i - s = -209. What is the hundreds digit of i?
2
Let g = 1266 + -535. Let h = 1254 - g. What is the units digit of h?
3
Suppose 4*l - 11 - 96 = -5*j, 2*l + 5*j - 41 = 0. Let k = 36 - l. Suppose 6 = -2*t, -t = -5*s + k*t + 482. What is the tens digit of s?
9
Suppose 0 = -3*h + n - 49, 3*h + 5*n + 25 = -0*h. Let k be (h/(-25))/((-1)/(-5)). Suppose 270 = 4*p - k*f, -60 = -3*p + 2*p - 3*f. What is the units digit of p?
6
What is the ten thousands digit of (-2)/(1*16/61528)*(-1 - 1)?
1
Suppose 29408 = 3*k + 58*k - 1115989. What is the hundreds digit of k?
7
Let s be 37 + 0/1 + 16/(-16). Suppose -18*g + s = -21*g. What is the units digit of 4*(-315)/(-6)*(-6)/g?
5
Suppose 130*m = 39*m + 64*m + 800631. What is the ten thousands digit of m?
2
What is the tens digit of ((1874 + -1)/(26/(-221)))/(8/(-16))?
4
Suppose 56*k + 34*k - 900270 = 0. What is the tens digit of k?
0
Suppose -4*r = -90*r + 1619638. What is the hundreds digit of r?
8
Let g = -90 + 94. Suppose -83*b + g = -81*b. Suppose -3*i + 9 = 0, b*i + 543 = 4*q + 3*i. What is the units digit of q?
5
Let p = -34 + 65. Suppose -5*q = 1 - p. Suppose -18 - 636 = -q*a. What is the hundreds digit of a?
1
Suppose m - 11 = -5. Let o be (m/27 + 57/108)*4. Suppose 0 = o*s + 3*l - 148 - 236, -5*s + 4*l + 595 = 0. What is the tens digit of s?
2
Suppose -3*o + 24 = -2*d - o, -3*d = 3*o + 6. Let h be (-21)/d + 2 + -2. Suppose 0 = -x + h*n + 24 + 39, -49 = -x - 4*n. What is the units digit of x?
7
Let m be -4*(1/10)/(8/(-60)). S